 - -63 - 18 - 33?
-31
4 + (30 - (18 + -5)) + (-91 - -36)
-34
0 + -132 - (173 + -91 - 110)
-104
What is -22 - (-39 + -74 + 33 - -42)?
16
What is the value of (-11 - (4 + (-16 - -8) - -123) - -4) + 15?
-111
What is (36 - -3 - ((0 - -5) + -10)) + -6 + 14?
52
Calculate 59 - (-11 + 60) - (-16 - 0).
26
What is -260 + 248 + -31 + 2 + 1 + -1?
-41
What is 48 + -2 + -14 + -45 + 22?
9
Evaluate 1 - (24 + -42) - (1 + (0 - -5) - -1).
12
(-4 - -3) + (2 - 0 - -7 - -5)
13
-163 + 159 + 7 + -100
-97
What is -2 - (3 + 116) - -1 - (-1061 - -1073)?
-132
-1 + 4 + (-2 + 14 - -16) + -2
29
What is 17 + 3 + 3 - (48 - (48 + 39))?
62
54 - -8 - (-41 + 92) - (0 - -98)
-87
What is -1 + 19 - (46 - (-59 - -57))?
-30
What is the value of 10 - (5 - (3 - 1 - 12)) - 57?
-62
Evaluate 2 - (18 + (-13 - -18) + -16 - 13).
8
(46 - -1) + -5379 + 5294
-38
-8 + (1 - -3 - (5 - (-1 + 4))) - 5
-11
Calculate -2 + -21 + 43 + -4 + 39.
55
Calculate -32 + 26 + (-37 - (-88 - 31)).
76
-4 - (-1 - 0) - (9 - (-47 + 102)) - 3
40
Evaluate -19 + -27 + 5 + (-7 - -12) + 2.
-34
What is 9 + 6 + 2 + -9 + (-11 - (9 - 92))?
80
What is the value of -16 - (-47 - 38 - -158)?
-89
Calculate (-31 + 51 - (57 + 21)) + 39.
-19
What is the value of -5 + (17 - 6) + 22?
28
What is 3 + -5 + 8 + -21 - (-15 + 24)?
-24
Evaluate 21 + -27 - (5 - (4 + -14) - 3).
-18
What is the value of 100 - (91 - 6 - 64)?
79
Calculate -8 + -11 + (6 - (-4 + 0)) + 10 + 56.
57
What is the value of -39 - (-10 + -1) - (5 - -67)?
-100
What is -18 + (-51 + 47 + -4 + -2 - -6)?
-22
(-5 - -69) + -32 - (-1 - -12)
21
What is the value of -68 + (-16 - -14) + -10 - (7 + -14)?
-73
What is -3 + -36 + 860 + -831?
-10
Evaluate 43 + -2 + 0 - (7716 + -7703).
28
What is 19 - (-55 - -23 - -61)?
-10
-23 + (27 - -65 - 114)
-45
What is -531 + 404 - (-43 + -17)?
-67
2 - 11 - ((-20 - -17) + 4)
-10
Calculate 33 - (30 + -2 - (-215 + 222)).
12
(88 - 155 - -6) + -48
-109
What is the value of -36 + 43 + -29 - -33?
11
(0 - 71) + (-4 - (-38 - -16))
-53
Evaluate -25 + -4 + -7 - (20 - (2 - -18)).
-36
What is -19 + 1 + -71 + 84 - -31?
26
Calculate -27 + (11 - 113) + 6 - -36.
-87
21 + (1 + -19 - (35 - 36)) + -12
-8
What is 3 + (1 + 61 - (-92 - -16 - -65))?
76
What is the value of -2 - (0 + -11) - (-120 - (-53 + -24))?
52
What is the value of -34 - ((5 - (14 + (-6 - -4))) + -24 + 40)?
-43
Calculate -9 + 23 - ((-12 - -56) + -11).
-19
What is 17 + (-8 - (-28 + 12)) + 15?
40
What is (0 - (1 + -1)) + (-3047 - -2990)?
-57
What is the value of 9 - (-11 + -7 + 5 + 13) - 0 - -47?
56
What is the value of -152 - -109 - (175 + -112)?
-106
What is 20 - (0 - 0 - (285 - 315))?
-10
What is 13 + -17 + (-34 - -67) + -78?
-49
What is (2 - 16) + -1 + 2 - (759 - 709)?
-63
Calculate (-2 + 6 - 6 - -10) + (3 - -8).
19
What is the value of 73 + 27 + -113 + -2 + 0?
-15
17 + 0 + (-7 - -7) + -13 - 22
-18
Calculate 310 + -304 - (5 + -2 + -49 + -1) - -6.
59
What is -11 + 1 - (15 + (-5 - ((-2 - 8) + 17)))?
-13
Evaluate -1 + -8 - (-113 + 104) - (3 + 54).
-57
Evaluate 90 + -251 + 163 - (18 + -2 + (1 - -1)).
-16
Evaluate -45 - (125 - 270 - -18).
82
-12 + -22 - -28 - -12 - (49 + -1)
-42
Calculate 60 + 3 + -8 - (-5 - -13 - 9).
56
-18 - (-18 + 5 + 9) - 17
-31
Evaluate 14 - (-7 + (29 - 9) - -20).
-19
What is 55 + 8 - (-294 - -381)?
-24
(101 - -30) + -71 - 73
-13
What is the value of -29 + (0 - -2) + -8 + 12 - 5?
-28
Evaluate -43 - ((26 - 55 - -19) + -14).
-19
What is the value of (-11 - (-12 + -13 + (-4 - -33))) + 22?
7
Evaluate 26 + (60 - 78) - (-2 - -66).
-56
Calculate 101 - 126 - (59 + -15).
-69
What is the value of 19 + -29 + 2 - -4 - (-43 - 2 - -2)?
39
Evaluate -24 + -11 - (-98 - -43).
20
What is the value of 10 - (0 + (-16 - -5) - 3)?
24
What is (-14 + -11 - -8) + (1 - -3) + 638 + -689?
-64
Evaluate 6 - -75 - ((-248 - -240) + (6 - (-2 - -4))).
85
Evaluate -84 + (132 + -36 - 55).
-43
What is the value of -23 + 5 - -22 - (-96 - -77)?
23
0 - (20 - (24 + 21) - (-15 - 8))
2
Evaluate 3 + -8 + (237 - 239).
-7
What is 3 + 6 + -29 - ((-2 - -16) + -25) - -45?
36
What is the value of -6 - 34 - (11 - (12 + -27))?
-66
What is the value of (0 - 10) + ((1 - -13) + -9 - -3)?
-2
20 + (-1 - -2) - (-785 - -792)
14
Calculate 23 + -19 + 9 + -11 + 7 + -77.
-68
Calculate -1 + (1 - 16 - ((21 - 69) + 46)).
-14
Evaluate (11 - -2) + (613 - 625).
1
What is the value of 318 - 83 - (-137 - -245)?
127
17 - (-82 + 131) - (-2 + -94)
64
Evaluate 1 + 231 - (-7177 - -7283).
126
What is -120 + (273 - 109 - 71)?
-27
(-57 - 1) + 9 + -23 + (5 - -2) + 15
-50
Evaluate (-39 - (27 - (-10 + 20))) + 0 + 1.
-55
1 + -19 + (19 - (16 + -7)) - -11
3
-97 + 12 + 61 + 2 + 1 + 12
-9
Calculate 303 + -343 + (-2 - -9) + -38.
-71
-76 + 87 - (-13 - -12)
12
What is -29 + (-7 - -16) + 26 + (-1 - 56)?
-51
Evaluate -19 - (41 + -97 + 8).
29
What is the value of 14 + (-38 - -13) + 11 + 0 - 39?
-39
What is -16 + 11 + (0 - 7 - (33 - -1))?
-46
Evaluate 15 + (0 - -14 - -5) + 22.
56
-14 + (-14 - -19) - -14 - 37 - (-1 - 9)
-22
What is the value of -3677 - -3718 - (-3 - 36)?
80
What is the value of 10 - (-70 + (-9 - (-30 - -15))) - 0?
74
What is 17 + (-29 - (23 - 5) - -16) - -28?
14
What is -3 + 2 - (83 + 1) - (268 - (196 - -77))?
-80
What is -7 + 38 + -34 - -19?
16
What is 4 - -1 - (29 + -14 + 16 + -24)?
-2
-2 + (-2 - 0) + (-122 - -111) + 47
32
What is the value of 6 + 11 - (-220 - -234)?
3
What is 3 - (4 - -1) - -3 - -85 - 7?
79
What is (-13 - (-65 + 61 + 1 + -65)) + -3?
52
Calculate -68 + 15 - ((-5 - 5) + 0 + -2).
-41
(6 - 12) + -3 - (5 + -23 - 19)
28
Evaluate 23 + 1 - (-48 - (-40 - -13)).
45
15 + 0 + (12 - -2 - 14 - 57)
-42
What is 10 - (4 - (26 + 7) - (7 + -1 - -2))?
47
Evaluate (-28 - (18 + 10)) + 0 + 0 + 5 - 4.
-55
-48 + 35 + 4 - ((10 - -74) + 4)
-97
2661 - 2592 - (-6 - (33 - -1))
109
Evaluate (2 + -10 + 11 - -49) + 2 + -14.
40
What is the value of 121 + -146 - ((19 - 4) + 3)?
-43
What is the value of (3 + -7 - 78) + 6 + 17 + 6?
-53
Calculate 69 + -101 + (-64 - -85).
-11
(5 - (-33 + -29)) + -45
22
Evaluate 16 + -63 + 26 - (-27 + 11).
-5
Calculate -12 - (2 + 1 + -17 + 12 + -11).
1
What is 49 + (-10 - 23) + 19 - 5?
30
-25 + 27 - (14 - -6) - -19
1
123 + (-27 - 22) + 20 + 2
96
What is (-120 - -10) + (-44 - -135)?
-19
Calculate (20 - 4) + (-45 - -6) + (10 - -5).
-8
(-55 - 0 - -59) + 109
113
What is -1 - -43 - (150 + -312 - -126)?
78
Evaluate -177 - -187 - (5 + -4 - 27).
36
What is the value of -23 - ((2 - 2) + 14 + 18 + -26)?
-29
What is -41 - -5 - (-2 + -11 + (10 - 7))?
-26
Evaluate (75 - 108 - (-2 + -34)) + (-1 - 13) + 44.
33
What is -20 - ((-231 - -79) + 60)?
72
What is the value of 64 + -35 + 64 + -44?
49
Calculate 201 + (-77 - 24) + -7.
93
Evaluate 48 + (21 - (3 - (8 + -32 - -12))).
54
-34 - (-4 - (14 + -6 - (-6 - -24) - -3))
-37
Calculate 1 + 11 + -55 + 28 - (-1 - 5).
-9
What is -127 - ((-27 - -76 - 74) + -10)?
-92
Calculate (-49 + 29 - (-7 - (-3 + -4 - -3))) + 7.
-10
Calculate -93 - (-8 - (31 + -34) - -19).
-107
What is -1 + -6 + 27 + 0 + (-55 - -36) - -1?
2
(-6 - (3 + (2 - 1) - (-124 + 121))) + 1
-12
What is (12 - (39 + -52)) + (-4 - -18)?
39
What is the value of 20 + (-236 - -251) + -29 + -2?
4
Evaluate 1099 + -1116 + 30 + 0 - (2 - -57).
-46
Calculate (-2 - -14 - -15) + 17.
44
Calculate -2994 - -3083 - (-3 + 143).
-51
What is the value of -24 + -76 + 57 - (1 + 3)?
-47
What is the value of 3 + -10 + 0 + 19 + -42 + 13 + 1?
-16
-37 - -4 - ((-5 - -22) + -29)
-21
-43 - (-2 + (29 - (-14 + 33)))
-51
Evaluate -39 - (-18 + (-22 - -24)) - (1 - -3).
-27
What is the value of -439 + 484 + (-2 - 6)?
37
What is the value of -119 + 313 + -170 - (0 + -29)?
53
Evaluate -47 + 33 - -10 - 29.
-33
Evaluate -3 - (-14 + (126 + 0 - -16) + 0).
-131
What is the value of (7 - 4) + (1 - (12 + -5) - 5)?
-8
Evaluate -24 + 1 + 9 + -19 + 22 - 13.
-24
Calculate 7 - (-12 + -22 - -49) - 22.
-30
What is the value of (0 - -39) + (10785 - 10787)?
37
What is the value of 0 - 4 - 71 - -5?
-70
Evaluate (-28 - (-101 + 76)) + (-3 + 3 - -110).
107
Evaluate -21 + (28 + -10 + 26 - -24).
47
Calculate (316 - 295) + 28 + -1 + 4.
52
What is the value of -44 - (74 + -57 + 12)?
-73
What is the value of 458 + -553 + 76 + 4?
-15
What is the value of 1 + -10 + (-1 - (15 + -14 + 15))?
-26
What is the value of 44 - (20 - (20 - 11))?
33
Calculate -9 - -12 - (-4 + 36 + 4 + -11).
-22
What is -7 + 59 + -74 + (82 - 1) - -1?
60
-79 